hen 1505763778 is divided by 15045?
15043
Calculate the remainder when 277803 is divided by 179.
174
What is the remainder when 5543530 is divided by 3021?
3016
Calculate the remainder when 7871705 is divided by 1336.
1329
Calculate the remainder when 1868602 is divided by 458.
420
Calculate the remainder when 340519 is divided by 113501.
16
Calculate the remainder when 112880066 is divided by 121638.
2
What is the remainder when 1396932 is divided by 1665?
1662
What is the remainder when 15922517 is divided by 47108?
13
What is the remainder when 6381831 is divided by 162?
3
Calculate the remainder when 12649128 is divided by 409.
394
Calculate the remainder when 4915242 is divided by 82.
80
What is the remainder when 8607749 is divided by 1721548?
9
Calculate the remainder when 14557 is divided by 11181.
3376
What is the remainder when 194133 is divided by 7207?
6751
Calculate the remainder when 1177746 is divided by 588169.
1408
What is the remainder when 79064 is divided by 1524?
1340
Calculate the remainder when 641977 is divided by 213734.
775
Calculate the remainder when 23096527 is divided by 812.
811
Calculate the remainder when 112187256 is divided by 19125.
6
What is the remainder when 30779888 is divided by 123?
122
What is the remainder when 456799 is divided by 104?
31
What is the remainder when 21834724 is divided by 11?
10
Calculate the remainder when 93808 is divided by 585.
208
What is the remainder when 76378884 is divided by 313?
311
Calculate the remainder when 60627 is divided by 3370.
3337
Calculate the remainder when 2746720 is divided by 5135.
4630
Calculate the remainder when 3320486 is divided by 8950.
36
Calculate the remainder when 114176148 is divided by 53.
50
Calculate the remainder when 1119134 is divided by 240.
14
What is the remainder when 298894 is divided by 10150?
4544
Calculate the remainder when 5667 is divided by 821.
741
Calculate the remainder when 4313995 is divided by 3000.
2995
Calculate the remainder when 1324558 is divided by 18882.
2818
Calculate the remainder when 71124 is divided by 1204.
88
Calculate the remainder when 31890119 is divided by 586.
585
Calculate the remainder when 13464427 is divided by 10.
7
What is the remainder when 9564 is divided by 1106?
716
What is the remainder when 18588822 is divided by 179?
30
Calculate the remainder when 6953111 is divided by 1158847.
29
Calculate the remainder when 524197 is divided by 14500.
2197
Calculate the remainder when 120635413 is divided by 31.
29
What is the remainder when 35834 is divided by 135?
59
What is the remainder when 16773677 is divided by 16?
13
What is the remainder when 8710479 is divided by 24887?
29
Calculate the remainder when 302079022 is divided by 2964.
2962
What is the remainder when 8974925 is divided by 3570?
3515
What is the remainder when 52547 is divided by 3752?
19
What is the remainder when 611318 is divided by 209?
202
Calculate the remainder when 6294594 is divided by 2674.
2672
Calculate the remainder when 17128 is divided by 1329.
1180
Calculate the remainder when 6268674 is divided by 314.
292
Calculate the remainder when 2931278 is divided by 2931238.
40
What is the remainder when 404849 is divided by 2224?
81
Calculate the remainder when 223447 is divided by 6797.
5943
What is the remainder when 348016 is divided by 86986?
72
What is the remainder when 2970750 is divided by 174?
48
Calculate the remainder when 4441428 is divided by 1954.
1940
Calculate the remainder when 185092 is divided by 830.
2
Calculate the remainder when 9290990 is divided by 895.
890
What is the remainder when 26106604 is divided by 258481?
23
Calculate the remainder when 277089 is divided by 386.
327
Calculate the remainder when 1444321 is divided by 10860.
10801
Calculate the remainder when 1972981 is divided by 1227.
1192
What is the remainder when 402670 is divided by 3146?
3128
Calculate the remainder when 64521 is divided by 21296.
633
Calculate the remainder when 42940 is divided by 41448.
1492
What is the remainder when 451222 is divided by 56371?
254
What is the remainder when 32289081 is divided by 16144539?
3
Calculate the remainder when 558225719 is divided by 12.
11
What is the remainder when 462636 is divided by 98?
76
Calculate the remainder when 24972 is divided by 23583.
1389
What is the remainder when 2283814 is divided by 103?
98
What is the remainder when 48762 is divided by 1354?
18
Calculate the remainder when 1868363197 is divided by 83.
80
What is the remainder when 3352345 is divided by 187?
183
Calculate the remainder when 68817619 is divided by 358.
353
Calculate the remainder when 78713 is divided by 8730.
143
What is the remainder when 1135062 is divided by 141829?
430
Calculate the remainder when 54734 is divided by 18032.
638
Calculate the remainder when 7778550 is divided by 31.
30
What is the remainder when 7107910 is divided by 223?
8
What is the remainder when 1710356 is divided by 100608?
20
What is the remainder when 225768794 is divided by 3960856?
2
Calculate the remainder when 1270139 is divided by 254008.
99
Calculate the remainder when 1620103 is divided by 22.
1
What is the remainder when 547489 is divided by 9776?
33
Calculate the remainder when 3296233 is divided by 398.
395
What is the remainder when 379172 is divided by 9696?
1028
What is the remainder when 383361 is divided by 18172?
1749
What is the remainder when 4512172 is divided by 1427?
1425
What is the remainder when 124730829 is divided by 41576939?
12
Calculate the remainder when 165816 is divided by 105.
21
What is the remainder when 1618122 is divided by 1490?
1472
Calculate the remainder when 1168206 is divided by 389051.
1053
Calculate the remainder when 2053931 is divided by 29767.
8
What is the remainder when 12163555 is divided by 2860?
2835
What is the remainder when 20685 is divided by 6825?
210
What is the remainder when 517570 is divided by 2627?
51
Calculate the remainder when 3466335 is divided by 2276.
2263
Calculate the remainder when 132739210 is divided by 31680.
10
What is the remainder when 316796 is divided by 577?
23
What is the remainder when 2995051 is divided by 518?
493
Calculate the remainder when 347538 is divided by 2.
0
Calculate the remainder when 3589097117 is divided by 1715.
1712
Calculate the remainder when 10902305 is divided by 1499.
78
Calculate the remainder when 3674269 is divided by 1837048.
173
What is the remainder when 797 is divided by 770?
27
What is the remainder when 1608492 is divided by 1608229?
263
What is the remainder when 3211031 is divided by 39?
5
What is the remainder when 191712 is divided by 6953?
3981
Calculate the remainder when 662231 is divided by 595.
591
Calculate the remainder when 97449 is divided by 1597.
32
What is the remainder when 37650 is divided by 195?
15
Calculate the remainder when 10086012 is divided by 9313.
33
Calculate the remainder when 338711 is divided by 14112.
23
Calculate the remainder when 330735 is divided by 6524.
4535
Calculate the remainder when 346981 is divided by 217.
215
What is the remainder when 1216020 is divided by 1215600?
420
Calculate the remainder when 7128475 is divided by 1086.
1057
Calculate the remainder when 1907372 is divided by 5388.
20
What is the remainder when 5480310 is divided by 20?
10
What is the remainder when 1575702 is divided by 1060?
542
What is the remainder when 86513 is divided by 1232?
273
Calculate the remainder when 2874902 is divided by 1050.
2
Calculate the remainder when 54924738 is divided by 260.
258
Calculate the remainder when 1588968 is divided by 794480.
8
What is the remainder when 123552578 is divided by 9642?
9632
Calculate the remainder when 10889383 is divided by 40632.
7
What is the remainder when 4108 is divided by 1245?
373
What is the remainder when 328875 is divided by 4926?
3759
What is the remainder when 3741439 is divided by 159?
10
Calculate the remainder when 15212 is divided by 5052.
56
Calculate the remainder when 57261 is divided by 671.
226
Calculate the remainder when 5530857 is divided by 371.
360
What is the remainder when 169911799 is divided by 2216?
2215
What is the remainder when 10628381 is divided by 147616?
29
What is the remainder when 11995202 is divided 